he units digit of n?
1
Suppose s - 922 = -0*v + 3*v, 3*v + 932 = -s. Let y = 457 + v. What is the units digit of y?
8
Let j = 10 - -1. Suppose -18*q = 3*q - 609. Suppose 0 = -u - j + q. What is the tens digit of u?
1
Let y = -649 + 928. Suppose -5*z + r = -10*z + 1367, 3*r = -z + y. What is the units digit of 8/12 - (-3 + z/(-9))?
4
Let u = 3560 + -2524. What is the tens digit of u?
3
Let h = -366 + 384. Suppose -2*s - 6736 = -h*s. What is the hundreds digit of s?
4
Let h(r) = -r**3 + 10*r**2 + 8*r - 11. Let i(u) = 10*u**2 - 4*u + 4. Let q be i(1). Let y be h(q). Let k = y + 49. What is the units digit of k?
8
What is the thousands digit of (2 - -4)*1598/4?
2
Suppose 226268 = -3598*w + 3612*w. What is the ten thousands digit of w?
1
Let k be (-3)/(-3)*(-2)/14*0. Suppose 641 = 4*q - 2*n - 909, q - 3*n - 385 = k. What is the units digit of q?
8
Suppose 56655 + 128601 = 18*i. Suppose 39*t - 2539 = i. What is the tens digit of t?
2
Suppose -217 = 17*p - 795. Suppose 0*j = 5*d - j - 25, -4*d - 5*j = -20. Suppose -126 = -d*f + p. What is the units digit of f?
2
Suppose -2*x - 5*t = 0, -27 = 3*x - 4*t + 19. Let u(c) = -8*c + 36. Let l(h) = -17*h + 73. Let s(g) = 3*l(g) - 5*u(g). What is the hundreds digit of s(x)?
1
Suppose -13*c + 75023 = 2*q - 69184, 2*q + 3*c = 144197. What is the thousands digit of q?
2
Suppose 7*o - 3*o - 2*s = 0, 5*o + 2 = 3*s. Suppose -2*g = o*w - 1870, 10*w - 8*w + 4 = 0. What is the units digit of g?
7
Let y = -16 + 36. Suppose -d + 3 = y. Let n = -5 - d. What is the units digit of n?
2
Suppose 4*u - 32 - 12 = 0. Let v(w) = -2*w**2 - 248*w + 5. Let r be v(-124). Suppose -u + 2 = -2*m + r*t, m + 5*t = 42. What is the tens digit of m?
1
Let g = 37505 + -17894. What is the tens digit of g?
1
Let t(m) = -5*m**3 + 13*m**2 + 27*m + 241. Let n(i) = -2*i**3 + 4*i**2 + 9*i + 80. Let o(x) = 8*n(x) - 3*t(x). What is the thousands digit of o(-13)?
1
Suppose 9*l = 6*l + 96. Let b = l + -22. Let q = b - -73. What is the units digit of q?
3
Suppose -3*c - d + 223 = 0, -c - 2*d = 7 - 78. Let t = 189 + c. What is the units digit of t?
4
Let o(k) = 33 + 91*k - 14 + 22 - 92*k. Let w = 11 + -24. What is the tens digit of o(w)?
5
What is the hundreds digit of -7 + 744/192*7736?
9
Suppose -l = 1 - 3, 3*l = 3*d. Let i be -5 + d + -102 + (-3)/(-3). Let h = i - -221. What is the hundreds digit of h?
1
Suppose -20 = d - 11*d. Suppose 5*a - 2*i - 5 = 9, i + d = 0. Suppose 2*t - 4*t = -s + 19, a*s - 28 = 2*t. What is the units digit of s?
9
Suppose 73*j = 68*j - 60. Let k(m) = -m**3 + 7*m**2 - 5*m + 8. Let n be k(6). What is the units digit of (j/n)/(-3) + (-2676)/(-42)?
4
Let c(y) be the first derivative of -y**2/2 + 24*y + 8. Let o be c(20). Suppose o*b - 54 = 58. What is the tens digit of b?
2
Let a = -1527 + 1034. Let f = 864 + a. What is the hundreds digit of f?
3
Suppose 36*b - 42*b = 0. Suppose -14*x + 17274 - 2756 = b. What is the units digit of x?
7
Let j be (9/(-4)*1)/((-3)/88). Let u = j + -63. Let t(n) = 8*n**3 + 2*n**2 + 5. What is the tens digit of t(u)?
3
Let b be 4/26 + 336/182. Suppose 0*t + 4*t = -b*a + 24, 3*t = 3*a - 54. Let m = a + 4. What is the units digit of m?
0
Suppose 7*q + 50 = 323. Suppose -2*y + 2*k - 328 = -7*y, 5*y - 5*k - 335 = 0. Let r = y - q. What is the tens digit of r?
2
Let a(c) = c**3 - 27*c**2 - 50*c + 348. What is the thousands digit of a(34)?
6
Let l(t) = t - 9 - 8*t**2 + t - t + 2*t - t**3. What is the hundreds digit of l(-14)?
1
Let l be 7 + -12 + (-5 - 14). What is the tens digit of 560 - (-32)/(l/(-3))?
6
Let y(c) be the third derivative of 0*c**3 - 9*c**2 + 23/6*c**4 + 0 + 0*c. What is the tens digit of y(1)?
9
Let r = -644 + 1185. Let c = r - 276. What is the units digit of c?
5
Let p(b) be the first derivative of 9*b**4/4 - 5*b**3/3 - 3*b**2 + 12*b - 13. Let m be p(-6). What is the tens digit of 12/78 - m/26?
8
Let q = 399 + -281. Suppose -c - 4*x + q = -73, -c - 5*x + 194 = 0. What is the hundreds digit of c?
1
What is the tens digit of (-1 - -2)/((-37)/(-14541))?
9
Let g = -3022 + 74077. What is the hundreds digit of g?
0
Suppose -4*p - 5*u + 21444 = -u, 5*p - 5*u - 26785 = 0. What is the tens digit of p?
5
Let m be -4 - ((-7)/(-2) - 3)*-6. Let r be 1 + m + 2 - (-4 - -1). Suppose 4*g = r*w + 462, 2*w + w = -6. What is the hundreds digit of g?
1
Let l = 2 - -3. Let u(j) = 2*j**3 + 3*j**2 + 3*j - 48. Let a(w) = -w**3 - w**2 - w + 24. Let t(p) = l*a(p) + 2*u(p). What is the tens digit of t(0)?
2
Let m(w) be the first derivative of -1/4*w**4 + w + 5*w**3 - 6*w**2 + 4. What is the tens digit of m(14)?
2
Suppose -3*v + 5 = 5, 3*l - 26334 = 4*v. What is the units digit of l?
8
Let a = -102 - -106. Let j(r) = 2*r**2 + 3*r - 5*r + 3*r - a - r**3 + 0*r**3. What is the units digit of j(-6)?
8
Let i = -1321 + 2301. Suppose 7*k = 3*k + i. Let g = k - 8. What is the units digit of g?
7
Let b be (-6)/16 + (-85)/136. Let o(p) = 270*p**2 + 8*p + 10. What is the tens digit of o(b)?
7
Suppose 10333*f - 240084 = 10320*f. What is the ten thousands digit of f?
1
Let y(z) = -8*z - 14. Let h be y(-2). Let n(k) = 38 - 7*k + 43 + k**h - 20 - 11. What is the tens digit of n(6)?
4
Let m(w) = -2*w - 1. Let k(i) = -151*i + 2. Let a(t) = k(t) + 3*m(t). What is the units digit of a(-3)?
0
Suppose 9*n - 8 - 37 = 0. Suppose n*w - 1505 = 5*t, -5*w = -4*w + t - 293. What is the units digit of w?
7
Let z(w) = -19*w - 18. Let s(y) = 56*y + 54. Let j(a) = -3*s(a) - 8*z(a). Let i be j(6). Let d = i + 162. What is the tens digit of d?
4
Let r be (-172)/(-6) + 10/30. Let z(p) = -3 + r - p + 32 - p. What is the tens digit of z(8)?
4
Let h(y) = 38*y + 4. Let n be h(-6). Let a(j) = 43*j + 1073. Let t be a(-27). Let w = t - n. What is the hundreds digit of w?
1
Let s = 49213 + -33644. What is the ten thousands digit of s?
1
Suppose 110*x - 106*x = z + 104068, 2*x - 52014 = -2*z. What is the ten thousands digit of x?
2
Let a(x) = 4230*x**3 - 3*x**2 - 3*x + 4. What is the units digit of a(1)?
8
Suppose 10*i - 29*i = 3306. Let h = i + 687. What is the tens digit of h?
1
What is the thousands digit of (-4 - 43 - 12)*101/(-1)?
5
Suppose j = -g + 8, -2*g + 2*j + 34 = 6. Suppose -g*w - 38 = -k - 10*w, 0 = 4*k - 5*w - 150. What is the units digit of k?
0
Suppose 7 = 4*y + 3*x + 4, 0 = -5*y + 5*x + 30. Let a(p) = 8*p**3 - 6*p**2 + 22*p + 2. What is the hundreds digit of a(y)?
2
Suppose 90*s - 271518 = 31*s. What is the hundreds digit of s?
6
Suppose 97 = -20*x - 83. Let f(d) = 3*d**2 + 20*d - 19. What is the tens digit of f(x)?
4
Let m be (1092/9)/1 + (-10)/30. Let o = 285 - m. What is the tens digit of o?
6
Suppose 7 = -154*r + 155*r, 4*f - 4*r = 243716. What is the ten thousands digit of f?
6
Suppose -94*z + 3525417 = -16*z + 111*z. What is the tens digit of z?
5
Suppose 0 = -243*i + 247*i - 1004. Let j = 150 + i. What is the hundreds digit of j?
4
Let u(d) = -d**3 - 9*d**2 - 13*d + 15. Let c be u(-17). Suppose 268 = -8*f + c. What is the hundreds digit of f?
2
Suppose 5200 = -153*y + 158*y. Suppose 4*z = y + 1196. What is the tens digit of z?
5
What is the hundreds digit of 17 + -4 + -12 + 11344/2?
6
Suppose c = 5*g - 10 - 3, 5*c - 10 = 0. Suppose -g*b = -18 + 3. What is the tens digit of ((-5)/(b/3))/(12/(-544))?
3
What is the units digit of -1 + 1 + 4 + -3 + 3224?
5
Let q(g) = -37*g**3 + 44*g**2 + 9*g - 14. What is the hundreds digit of q(-7)?
7
Let z(m) = m**3 + 26*m**2 + 19*m - 54. Let q be z(-25). What is the tens digit of (-194)/(-3) + 32/q?
6
Suppose 3*l + 989 = -1876. Let i = l - -1404. What is the tens digit of i?
4
Let y = 195 - 193. Suppose 2*j - y*c = 1446, 2892 = 3*j + j + 2*c. What is the tens digit of j?
2
Let r(y) = -5*y - 36. Let v = -39 - -39. Suppose -7*n - 5*x = -2*n + 100, v = 3*x. What is the tens digit of r(n)?
6
Let o(v) = 155*v + 11. Let p be o(-6). What is the tens digit of (-28)/(-4) - (p + 5)?
2
Let v(u) = 3*u**3 - 137*u**2 - 107*u - 59. What is the thousands digit of v(47)?
3
Suppose -2*z + 5*h + 22 = -0, -2*z + 14 = -3*h. Let b be (-1)/((z/15)/1). Let i(c) = -8*c + 51. What is the tens digit of i(b)?
7
Let x = -7081 + 18954. What is the tens digit of x?
7
What is the units digit of (336/196)/((-3)/(-14238))?
6
Let d(b) = 3*b**3 + 2*b**2 - 2*b. Let v be 0 - ((-6 - -3) + 5). Let s be d(v). Let g = 42 + s. What is the te